{"id":7,"date":"2022-02-22T16:34:07","date_gmt":"2022-02-22T15:34:07","guid":{"rendered":"https:\/\/matthis-teuscher.de\/?page_id=7"},"modified":"2024-08-02T15:17:30","modified_gmt":"2024-08-02T13:17:30","slug":"home","status":"publish","type":"page","link":"https:\/\/matthis-teuscher.de\/","title":{"rendered":"Home"},"content":{"rendered":"\n<p><\/p>\n\n\n\n<h4 class=\"wp-block-heading has-cyan-bluish-gray-color has-text-color\" id=\"die-stimme-des-off-sprechers\"><br>Ich freue mich, wenn Sie mir zuh\u00f6ren! <br><br><\/h4>\n\n\n\n<div class=\"wp-block-media-text is-stacked-on-mobile is-vertically-aligned-top\" style=\"grid-template-columns:26% auto\"><figure class=\"wp-block-media-text__media\"><img loading=\"lazy\" decoding=\"async\" width=\"1024\" height=\"768\" src=\"https:\/\/matthis-teuscher.de\/wp-content\/uploads\/2022\/12\/IMG_2863-1024x768.jpg\" alt=\"\" class=\"wp-image-403 size-full\" srcset=\"https:\/\/matthis-teuscher.de\/wp-content\/uploads\/2022\/12\/IMG_2863-1024x768.jpg 1024w, https:\/\/matthis-teuscher.de\/wp-content\/uploads\/2022\/12\/IMG_2863-300x225.jpg 300w, https:\/\/matthis-teuscher.de\/wp-content\/uploads\/2022\/12\/IMG_2863-768x576.jpg 768w, https:\/\/matthis-teuscher.de\/wp-content\/uploads\/2022\/12\/IMG_2863-1536x1152.jpg 1536w, https:\/\/matthis-teuscher.de\/wp-content\/uploads\/2022\/12\/IMG_2863-2048x1536.jpg 2048w\" sizes=\"auto, (max-width: 1024px) 100vw, 1024px\" \/><\/figure><div class=\"wp-block-media-text__content\">\n<p class=\"has-large-font-size\">Auf dieser Seite m\u00f6chte ich Ihnen verschiedene Einsatzm\u00f6glichkeiten meiner Stimme vorstellen. Die folgenden H\u00f6rproben geben Ihnen die M\u00f6glichkeit, meine Sprecherarbeit auf verschiedenen Gebieten kennen zu lernen:<br><br> <a class=\"scroll\" style=\"text-decoration: none;\" href=\"#doku\">\u2794 TV-Dokumentation \u2013 Kommentar und Voice-Over<\/a><br><a class=\"scroll\" style=\"text-decoration: none;\" href=\"#scie\">\u2794 Literatur \u2013 Belletristik und Fachbuch<\/a><br><br>In Hamburg kann ich besonders schnell f\u00fcr Aufnahmen vor Ort sein, bin aber in ganz Deutschland verf\u00fcgbar. <br>Kontaktieren Sie mich einfach <a href=\"https:\/\/matthis-teuscher.de\/index.php\/kontakt\/\" style=\"text-decoration: none;\">per Telefon oder E-Mail!<\/a><br><br><a class=\"scroll\" style=\"text-decoration: none;\" href=\"#refs\">\u2794 Referenzen<\/a><\/p>\n\n\n\n<p><\/p>\n\n\n\n<p><\/p>\n<\/div><\/div>\n\n\n\n<p><\/p>\n\n\n\n<p><br><br><span id=\"doku\"><strong>H\u00f6rproben: TV-Dokumentation<\/strong><\/span> \u2013 Kommentar und Voice-Over<\/p>\n\n\n\n<div id=\"audioigniter-197\" class=\"audioigniter-root \" data-player-type=\"full\" data-tracks-url=\"https:\/\/matthis-teuscher.de\/?audioigniter_playlist_id=197\" data-display-track-no=\"true\" data-reverse-track-order=\"false\" data-display-tracklist-covers=\"false\" data-display-active-cover=\"false\" data-display-artist-names=\"false\" data-display-buy-buttons=\"false\" data-buy-buttons-target=\"false\" data-cycle-tracks=\"false\" data-display-credits=\"false\" data-display-tracklist=\"true\" data-allow-tracklist-toggle=\"false\" data-allow-tracklist-loop=\"false\" data-limit-tracklist-height=\"false\" data-volume=\"100\" data-tracklist-height=\"185\" ><\/div>\n\n\n\n<p><\/p>\n\n\n\n<p><br><br><span id=\"scie\"><strong>H\u00f6rproben: <\/strong><\/span><strong>Literatur<\/strong> \u2013 Belletristik und Fachbuch<\/p>\n\n\n<div id=\"audioigniter-184\" class=\"audioigniter-root \" data-player-type=\"full\" data-tracks-url=\"https:\/\/matthis-teuscher.de\/?audioigniter_playlist_id=184\" data-display-track-no=\"true\" data-reverse-track-order=\"false\" data-display-tracklist-covers=\"false\" data-display-active-cover=\"false\" data-display-artist-names=\"false\" data-display-buy-buttons=\"false\" data-buy-buttons-target=\"false\" data-cycle-tracks=\"false\" data-display-credits=\"false\" data-display-tracklist=\"true\" data-allow-tracklist-toggle=\"false\" data-allow-tracklist-loop=\"false\" data-limit-tracklist-height=\"false\" data-volume=\"100\" data-tracklist-height=\"185\" ><\/div>\n\n\n\n<p><br><br><span id=\"refs\"><strong>Referenzen<\/strong><\/p>\n\n\n\n<div class=\"referenzen\">\n<a href=\"https:\/\/www.ndr.de\/fernsehen\/Rund-um-Mont-Blanc-Mit-dem-Zug-durch-die-Savoyer-Alpen,sendung1307152.html\" target=\"_blank\" rel=\"noopener\"><img decoding=\"async\" src=\"https:\/\/matthis-teuscher.de\/wp-content\/uploads\/2022\/12\/Title_LMA.png\" alt=\"Rund um den Mont Blanc\"><\/a>\n<p>Diverse Voice-Over: <a href=\"https:\/\/www.ndr.de\/fernsehen\/Rund-um-Mont-Blanc-Mit-dem-Zug-durch-die-Savoyer-Alpen,sendung1307152.html\" target=\"_blank\" style=\"text-decoration:none;\" rel=\"noopener\">\u201eL\u00e4nder \u2013 Menschen \u2013 Abenteuer: Rund um den Mont Blanc \u2013 Mit dem Zug durch die Savoyer Alpen\u201c<\/a> (NDR)\n<br><br>\nIn der <strong>ARD-Mediathek<\/strong> verf\u00fcgbar bis 23.10.2024:\n<br>\nTeil 1: <a href=\"https:\/\/www.ardmediathek.de\/video\/Y3JpZDovL25kci5kZS8yMF8yMDI0LTA3LTI1LTIwLTE1\" target=\"_blank\" style=\"text-decoration:none;\" rel=\"noopener\">Von Grenoble bis zum Genfer See<\/a>\n<br>\nTeil 2: <a href=\"https:\/\/www.ardmediathek.de\/video\/laender-menschen-abenteuer\/mit-dem-zug-durch-die-savoyer-alpen-vom-genfer-see-bis-zum-mont-blanc\/ndr\/Y3JpZDovL25kci5kZS8yMF8yMDI0LTA3LTI1LTIxLTAw\" target=\"_blank\" style=\"text-decoration:none;\" rel=\"noopener\">Vom Genfer See bis zum Mont Blanc<\/a><\/p>\n<\/div>\n<br>\n<br>\n<br>\n\n\n\n<p><\/p>\n\n\n\n<p><\/p>\n","protected":false},"excerpt":{"rendered":"<p>Ich freue mich, wenn Sie mir zuh\u00f6ren! Auf dieser Seite m\u00f6chte ich Ihnen verschiedene Einsatzm\u00f6glichkeiten meiner Stimme vorstellen. Die folgenden H\u00f6rproben geben Ihnen die M\u00f6glichkeit, meine Sprecherarbeit auf verschiedenen Gebieten kennen zu lernen: \u2794 TV-Dokumentation \u2013 Kommentar und Voice-Over\u2794 Literatur \u2013 Belletristik und Fachbuch In Hamburg kann ich besonders schnell f\u00fcr Aufnahmen vor Ort sein, [&hellip;]<\/p>\n","protected":false},"author":1,"featured_media":0,"parent":0,"menu_order":0,"comment_status":"closed","ping_status":"closed","template":"page-template\/custom-home-page.php","meta":{"_regular_price":[],"currency_symbol":[],"footnotes":""},"class_list":["post-7","page","type-page","status-publish","hentry"],"post_slider_layout_featured_media_urls":{"thumbnail":"","post_slider_layout_landscape_large":"","post_slider_layout_portrait_large":"","post_slider_layout_square_large":"","post_slider_layout_landscape":"","post_slider_layout_portrait":"","post_slider_layout_square":"","full":""},"_links":{"self":[{"href":"https:\/\/matthis-teuscher.de\/index.php\/wp-json\/wp\/v2\/pages\/7","targetHints":{"allow":["GET"]}}],"collection":[{"href":"https:\/\/matthis-teuscher.de\/index.php\/wp-json\/wp\/v2\/pages"}],"about":[{"href":"https:\/\/matthis-teuscher.de\/index.php\/wp-json\/wp\/v2\/types\/page"}],"author":[{"embeddable":true,"href":"https:\/\/matthis-teuscher.de\/index.php\/wp-json\/wp\/v2\/users\/1"}],"replies":[{"embeddable":true,"href":"https:\/\/matthis-teuscher.de\/index.php\/wp-json\/wp\/v2\/comments?post=7"}],"version-history":[{"count":108,"href":"https:\/\/matthis-teuscher.de\/index.php\/wp-json\/wp\/v2\/pages\/7\/revisions"}],"predecessor-version":[{"id":507,"href":"https:\/\/matthis-teuscher.de\/index.php\/wp-json\/wp\/v2\/pages\/7\/revisions\/507"}],"wp:attachment":[{"href":"https:\/\/matthis-teuscher.de\/index.php\/wp-json\/wp\/v2\/media?parent=7"}],"curies":[{"name":"wp","href":"https:\/\/api.w.org\/{rel}","templated":true}]}}